
Suppose 3*l = 31 + 5. Suppose -16 + l = -b. Suppose -2*h - b*c + 58 = 0, -3*h + 7*h + 3*c = 111. What are the prime factors of h?
3
Let r(d) = -62*d**2 + 233*d**3 - 110*d**3 + 64*d - 121*d**3 - 73. What are the prime factors of r(30)?
47
Suppose 3*c - 157828 = -7017*b + 7019*b, 0 = -5*c + 4*b + 263044. List the prime factors of c.
2, 7, 1879
Let y(h) = -272*h - 56. Let s be y(-8). Let r = s + -435. What are the prime factors of r?
5, 337
Let o = 3532 - 738. What are the prime factors of o?
2, 11, 127
Let x(r) = r**2 + 7*r - 3. Let y be x(-8). Suppose 0 = y*b - 9 - 16. List the prime factors of (-441)/15*(-10 + b).
3, 7
Let z(i) = 18*i - 4. Let u be z(4). Suppose -b - 44 = -3*s, -b - 25 - 15 = -s. Let y = b + u. List the prime factors of y.
2, 3, 5
Let m = 1181 + -1097. Let n be 66*3/(9/6). Let u = m + n. List the prime factors of u.
2, 3
Suppose -15966 + 587550 = 78*d. What are the prime factors of d?
2, 229
Suppose q + 3*a + 4668 = 31957, 3*q - 81923 = -a. List the prime factors of q.
2, 5, 2731
Suppose -4*m + 969 = -3*y, 3*y - 753 = -3*m - 0*y. Suppose 3*z + 2*w - 832 = 0, -z - 5*w = -m - 53. List the prime factors of z.
2, 137
Let h = -7983 - -7532. Let z(s) = -17*s**2 + 3*s - 3. Let k be z(4). Let q = k - h. List the prime factors of q.
2, 47
Suppose -u = -3*u + 4*b - 22, 5*u - 5*b = -35. Let h be 0*(1 + 1 + u). Suppose r - 49 = g + 6, 3*g = h. What are the prime factors of r?
5, 11
Let y = 70 + 8. List the prime factors of (15/(-13) - -1) + 19746/y.
11, 23
Suppose 10*o = -5*o + 75. Suppose o*a + 4*v = 121 + 1115, 2*a - 492 = -4*v. List the prime factors of a.
2, 31
Suppose -4 + 8 = -2*n. What are the prime factors of (-101)/n*(3 - (-14 + 3))?
7, 101
Let m(r) = r**3 - 19*r**2 - 8*r + 27. Let o = 178 - 158. What are the prime factors of m(o)?
3, 89
Let v(x) = 1. Let d(q) = 11*q - 17. Let o = 37 - 32. Let i(r) = o*v(r) + d(r). List the prime factors of i(5).
43
Let t be 3630891/329 - 2/14. List the prime factors of 3/30 + t/40.
2, 3, 23
Let f be (-16)/48 - 31/(-3). Suppose f*t = -413 + 7863. List the prime factors of t.
5, 149
What are the prime factors of 34325 - (-19 + 15) - 15?
2, 3, 7, 19, 43
Let l be (-20200)/(-40) + 3 + (-1)/1. Suppose h - 3*p = 132, -l = -4*h - 8*p + 13*p. What are the prime factors of h?
3, 41
Suppose -3*y = 160 - 1720. Suppose 36*a - y = 28*a. Let x = 96 + a. List the prime factors of x.
7, 23
Let s = 7021 - 5020. List the prime factors of s.
3, 23, 29
Let z be (4 - 26/(-4))*28/6. What are the prime factors of z/(-1 + 30/25)?
5, 7
Suppose 9*t = 16 - 25. Let i be (0*t/(-4))/(-1). Let u(b) = b**2 - 2*b + 65. What are the prime factors of u(i)?
5, 13
Suppose -3*p + 131 = -2*o, 0*p + 3*o = -2*p + 96. List the prime factors of (p/(-25) + 1)*-310.
2, 31
Let d be -3*151/(-2)*(-5 + 31). Suppose 12*w - 12519 = d. List the prime factors of w.
2, 13, 59
Let v = 29777 + -13955. What are the prime factors of v?
2, 3, 293
Let h(z) = -31*z - 22. Let j be h(-8). Suppose -3*y - 66 = 2*d + 271, -669 = 4*d + 5*y. Let b = d + j. What are the prime factors of b?
5, 13
Suppose 3*g - 13*g = 6638 - 156508. What are the prime factors of g?
7, 2141
Let t = 82317 + -57671. List the prime factors of t.
2, 12323
Let s = -16352 + 28753. What are the prime factors of s?
12401
Suppose 7*c - 6*c - 2627 = -s, -c = 0. Suppose -36*o + 11699 = s. What are the prime factors of o?
2, 3, 7
Let z(u) = -9*u + 6. Let f be z(-1). Suppose 5*h = n - 370, n - 2*n = -5. Let c = f - h. What are the prime factors of c?
2, 11
Let h = -32 - 9. Let c = 43 + h. Suppose w - 55 = -3*k - 0*w, -30 = -k + c*w. What are the prime factors of k?
2, 5
Let n = 407 + 63. Suppose -n = -3*z + 88. Let x = 286 - z. List the prime factors of x.
2, 5
Let y(a) = 17*a**2 + 15*a + 31. Let c be y(-2). Let s = c - 7. List the prime factors of s.
2, 31
Let u(x) = 45*x - 2542. List the prime factors of u(97).
1823
Let z = -38 - -38. Suppose 0 = -2*d + 3*y + 261, 3*d + z*y - 390 = 5*y. What are the prime factors of d/6 + 2/(-4)?
2, 11
Let h be ((96/28)/2)/(4/882). Suppose 11*q - h = 4*q. Let y = 66 - q. List the prime factors of y.
2, 3
Let j(x) = -x**3 - 5*x**2 + 6*x - 8. Let q be j(-6). List the prime factors of ((-274)/q)/(-3*(-2)/72).
3, 137
Let u(m) = -m**3 - m**2 - 20*m + 6. Let v be u(8). Let y = 1086 + v. Suppose 8*k - 1012 = -y. What are the prime factors of k?
2, 41
Suppose -19*t - 3500 = -5*t. Let n = 89 - t. List the prime factors of n.
3, 113
Suppose d + 6245 = 3*g, 2*d - 5237 = -4*g + 3103. What are the prime factors of g?
2083
Let o = -138 - -199. Suppose o*i - 1396 = 57*i. List the prime factors of i.
349
Suppose 0*x + 27*x - 170802 = 0. List the prime factors of x.
2, 3163
Suppose 3*p + 8 = -2*s, 0 = -4*s + 5*p - 43 + 71. Let d = 531 + -1738. What are the prime factors of s + (-96)/52 + d/(-13)?
3, 31
What are the prime factors of ((700/75)/2)/(1 + (-3124)/3126)?
2, 7, 521
Suppose 1242 - 65281 = -7*y + 43418. List the prime factors of y.
3, 7, 17, 43
Suppose 0 = 37*l - 877 + 137. Let n = l + 655. List the prime factors of n.
3, 5
Suppose -17886 = -3*d - 19*d. Let l = 1729 - d. What are the prime factors of l?
2, 229
Suppose -18101 = -13*l + 1165. Suppose 4*g - l - 86 = 0. What are the prime factors of g?
2, 7
Let z(d) = 2*d**2 - 26*d + 193. Let a be z(20). Let b = -64 + a. What are the prime factors of b?
409
Suppose -2*v + 3 = 5*p - 19, -3*p = 4*v - 16. Let q be v*3/15 - 18/(-10). List the prime factors of q/4*1*666/3.
3, 37
Let r(i) be the second derivative of i**4/12 - 2*i**3/3 - 5*i**2/2 - 27*i. Let b be r(6). Let p(f) = f**3 - 5*f**2 - 5*f - 20. List the prime factors of p(b).
43
Let z = -173 + 381. Suppose 4*j = 2*m + 1572, -m + z + 574 = 2*j. What are the prime factors of j?
2, 7
Let m(w) = -4*w + 9. Suppose 5*i = -0*i - q + 28, -5*q = 2*i - 2. Let u(h) = 4*h - 9. Let a(g) = i*m(g) + 7*u(g). What are the prime factors of a(7)?
19
Let t be (4114/4)/((-16)/(-96)). List the prime factors of (24/(-10))/(t/(-2055) + 3).
2, 3, 137
Suppose -10*k - 27607 = -104787. List the prime factors of k.
2, 17, 227
Let h = 675 + 10853. What are the prime factors of h?
2, 11, 131
Suppose 42531 = 4*y - 3*w, 4*y - 6*w = 6*y - 21228. What are the prime factors of y?
3, 1181
Suppose 0 = 7*f - 2*f - 1155. What are the prime factors of (-62)/(-14) - 99/f - -1425?
1429
Let v(z) = -7*z - 2. Let a be v(3). Let y = a - -50. Let i = y + 12. What are the prime factors of i?
3, 13
Let c = -2426 + 5620. Let i = c + -1935. List the prime factors of i.
1259
Suppose -2*c - 2*c - 16 = 0. What are the prime factors of (c/(-16))/(4/656)?
41
Suppose 174*a + 18 = 180*a. Let x = 337 + a. List the prime factors of x.
2, 5, 17
What are the prime factors of (980/(-504)*6)/(3/(-9711))?
5, 7, 13, 83
Suppose 157 = -2*b - 1081. Let d = -335 - b. List the prime factors of d.
2, 71
Suppose 20 = -k + 6*k. Suppose -k*v + 1300 = 2*t, -t + 20 = 4*t. List the prime factors of v.
17, 19
Let x(n) = -206*n + 15. Let r = -146 - -144. What are the prime factors of x(r)?
7, 61
Suppose -336960 = -324*t - 117341 + 1246157. What are the prime factors of t?
2, 3, 13, 29
Let n(a) = 30*a**2 + 1. Let c be n(1). Let p = c - 30. What are the prime factors of (-70)/(0 - p - 0)?
2, 5, 7
Suppose 89479 = -5*a + 230789. Let t be 8/(-10) + a/65. Let p = t - 309. What are the prime factors of p?
5
Let r = 11499 + -3788. List the prime factors of r.
11, 701
Let j(i) = -3*i + 15. Let t be j(3). Suppose t*c - 1329 = 573. List the prime factors of c.
317
Let o be -38 - -1 - -4*12/(-16). Let x be (-1)/(-2*(-4)/o). What are the prime factors of (1/x - 293/(-10))*4?
2, 59
Let r = -420 + 408. What are the prime factors of (-8)/r*(2764 - 4)?
2, 5, 23
Suppose 4*p = 6*p - 2, 5*r = 4*p + 1701. Let q = r + -152. Suppose 3*c - w = 2*w + q, -c = 4*w - 43. What are the prime factors of c?
59
Let t be (0/3)/(4/2). Let a be (1 + t)*(10 + -10). Suppose -5*o + 3*q + 381 = 4*q, a = 2*o + 4*q - 138. List the prime factors of o.
7, 11
Let w(g) = 15*g - 23. Let s(b) = 3 - 1 - 7 - 2*b. Let n be s(-5). List the prime factors of w(n).
2, 13
Let h(f) = -16*f**2 + 14*f - 11. Let n(b) = 8*b**2 - 7*b + 4. Let j(z) = -3*h(z) - 5*n(z). Let q be (-2)/11 - (-230)/55. What are the prime factors of j(q)?
113
Let p = 189 - 187. Suppose -4*x - h = -2704, -13*x + 11*x + 1346 = p*h